{"version":"1.0","provider_name":"Korint\u00ae","provider_url":"https:\/\/korint.eu\/de\/","author_name":"Korint\u00ae","author_url":"https:\/\/korint.eu\/de\/author\/ko_ehafy34x\/","title":"An\u00e4sthesiepflegerin \/ An\u00e4sthesiepfleger (w\/m\/d) in der Schweiz - Korint\u00ae","type":"rich","width":600,"height":338,"html":"<blockquote class=\"wp-embedded-content\" data-secret=\"1Mb8PDgcbS\"><a href=\"https:\/\/korint.eu\/de\/job\/anaesthesiepflegerin-anaesthesiepfleger-w-m-d-in-der-schweiz\/\">An\u00e4sthesiepflegerin \/ An\u00e4sthesiepfleger (w\/m\/d) in der Schweiz<\/a><\/blockquote><iframe sandbox=\"allow-scripts\" security=\"restricted\" src=\"https:\/\/korint.eu\/de\/job\/anaesthesiepflegerin-anaesthesiepfleger-w-m-d-in-der-schweiz\/embed\/#?secret=1Mb8PDgcbS\" width=\"600\" height=\"338\" title=\"&#8222;An\u00e4sthesiepflegerin \/ An\u00e4sthesiepfleger (w\/m\/d) in der Schweiz&#8220; &#8211; Korint\u00ae\" data-secret=\"1Mb8PDgcbS\" frameborder=\"0\" marginwidth=\"0\" marginheight=\"0\" scrolling=\"no\" class=\"wp-embedded-content\"><\/iframe><script type=\"text\/javascript\">\n\/* <![CDATA[ *\/\n\/*! This file is auto-generated *\/\n!function(d,l){\"use strict\";l.querySelector&&d.addEventListener&&\"undefined\"!=typeof URL&&(d.wp=d.wp||{},d.wp.receiveEmbedMessage||(d.wp.receiveEmbedMessage=function(e){var t=e.data;if((t||t.secret||t.message||t.value)&&!\/[^a-zA-Z0-9]\/.test(t.secret)){for(var s,r,n,a=l.querySelectorAll('iframe[data-secret=\"'+t.secret+'\"]'),o=l.querySelectorAll('blockquote[data-secret=\"'+t.secret+'\"]'),c=new RegExp(\"^https?:$\",\"i\"),i=0;i<o.length;i++)o[i].style.display=\"none\";for(i=0;i<a.length;i++)s=a[i],e.source===s.contentWindow&&(s.removeAttribute(\"style\"),\"height\"===t.message?(1e3<(r=parseInt(t.value,10))?r=1e3:~~r<200&&(r=200),s.height=r):\"link\"===t.message&&(r=new URL(s.getAttribute(\"src\")),n=new URL(t.value),c.test(n.protocol))&&n.host===r.host&&l.activeElement===s&&(d.top.location.href=t.value))}},d.addEventListener(\"message\",d.wp.receiveEmbedMessage,!1),l.addEventListener(\"DOMContentLoaded\",function(){for(var e,t,s=l.querySelectorAll(\"iframe.wp-embedded-content\"),r=0;r<s.length;r++)(t=(e=s[r]).getAttribute(\"data-secret\"))||(t=Math.random().toString(36).substring(2,12),e.src+=\"#?secret=\"+t,e.setAttribute(\"data-secret\",t)),e.contentWindow.postMessage({message:\"ready\",secret:t},\"*\")},!1)))}(window,document);\n\/\/# sourceURL=https:\/\/korint.eu\/wp-includes\/js\/wp-embed.min.js\n\/* ]]> *\/\n<\/script>\n","thumbnail_url":"https:\/\/korint.eu\/wp-content\/uploads\/2025\/03\/Vacature-Fallback-Korint\u00ae-Nederland.jpg","thumbnail_width":1920,"thumbnail_height":800,"description":"An\u00e4sthesiepflegerin\/An\u00e4sthesiepfleger (w\/m\/d) in der Schweiz. F\u00fcr unseren Kunden in der Schweiz suchen wir zum n\u00e4chst m\u00f6glichen Zeitpunkt\u00a0 eine\/n motivierte\/n An\u00e4sthesiepfleger\/in, die\/der das Team auf individuelle Art komplettiert und sich den verschiedenen Herausforderungen des Pflegeberufs kompetent stellt. F\u00fcr erste Informationen \u00fcber das Arbeiten in der Schweiz, kannst du auch unsere L\u00e4nderseite. Deine Benefits: Wir bieten dir [&hellip;]"}

Anästhesiepflegerin / Anästhesiepfleger (w/m/d) in der Schweiz - Korint®

<blockquote class="wp-embedded-content" data-secret="1Mb8PDgcbS"><a href="https://korint.eu/de/job/anaesthesiepflegerin-anaesthesiepfleger-w-m-d-in-der-schweiz/">Anästhesiepflegerin / Anästhesiepfleger (w/m/d) in der Schweiz</a></blockquote><iframe sandbox="allow-scripts" security="restricted" src="https://korint.eu/de/job/anaesthesiepflegerin-anaesthesiepfleger-w-m-d-in-der-schweiz/embed/#?secret=1Mb8PDgcbS" width="600" height="338" title="&#8222;Anästhesiepflegerin / Anästhesiepfleger (w/m/d) in der Schweiz&#8220; &#8211; Korint®" data-secret="1Mb8PDgcbS" frameborder="0" marginwidth="0" marginheight="0" scrolling="no" class="wp-embedded-content"></iframe><script type="text/javascript">
/* <![CDATA[ */
/*! This file is auto-generated */
!function(d,l){"use strict";l.querySelector&&d.addEventListener&&"undefined"!=typeof URL&&(d.wp=d.wp||{},d.wp.receiveEmbedMessage||(d.wp.receiveEmbedMessage=function(e){var t=e.data;if((t||t.secret||t.message||t.value)&&!/[^a-zA-Z0-9]/.test(t.secret)){for(var s,r,n,a=l.querySelectorAll('iframe[data-secret="'+t.secret+'"]'),o=l.querySelectorAll('blockquote[data-secret="'+t.secret+'"]'),c=new RegExp("^https?:$","i"),i=0;i<o.length;i++)o[i].style.display="none";for(i=0;i<a.length;i++)s=a[i],e.source===s.contentWindow&&(s.removeAttribute("style"),"height"===t.message?(1e3<(r=parseInt(t.value,10))?r=1e3:~~r<200&&(r=200),s.height=r):"link"===t.message&&(r=new URL(s.getAttribute("src")),n=new URL(t.value),c.test(n.protocol))&&n.host===r.host&&l.activeElement===s&&(d.top.location.href=t.value))}},d.addEventListener("message",d.wp.receiveEmbedMessage,!1),l.addEventListener("DOMContentLoaded",function(){for(var e,t,s=l.querySelectorAll("iframe.wp-embedded-content"),r=0;r<s.length;r++)(t=(e=s[r]).getAttribute("data-secret"))||(t=Math.random().toString(36).substring(2,12),e.src+="#?secret="+t,e.setAttribute("data-secret",t)),e.contentWindow.postMessage({message:"ready",secret:t},"*")},!1)))}(window,document);
//# sourceURL=https://korint.eu/wp-includes/js/wp-embed.min.js
/* ]]> */
</script>

Anästhesiepflegerin/Anästhesiepfleger (w/m/d) in der Schweiz. Für unseren Kunden in der Schweiz suchen wir zum nächst möglichen Zeitpunkt  eine/n motivierte/n Anästhesiepfleger/in, die/der das Team auf individuelle Art komplettiert und sich den verschiedenen Herausforderungen des Pflegeberufs kompetent stellt. Für erste Informationen über das Arbeiten in der Schweiz, kannst du auch unsere Länderseite. Deine Benefits: Wir bieten dir [&hellip;]
